ivisor of b and z.
32
Let r = 83 + -78. Suppose 4*h - 1116 = -5*g, -r*h + 51 = -5*g + 1131. Let b(y) = -y**2 + 20. Let i be b(0). Calculate the greatest common divisor of g and i.
20
Let g = 181833 + -118627. Calculate the greatest common factor of 22 and g.
22
Let s = -4058 - -4089. Suppose 2*y + 742 = 3*v, -y - 247 = -v - 0*y. What is the greatest common factor of s and v?
31
Suppose -600 = -5*x - 5. Suppose 2112 = -9*p + 21*p. Let a = p + -159. What is the greatest common divisor of a and x?
17
Suppose 4*k - 263 = -i, 4*i + 0*k + 5*k - 1041 = 0. Let h = i + -144. What is the highest common factor of 69 and h?
23
Let y be 25/15 - (-12)/9. Suppose -3*c + j = -165, -5*c + 156 + 115 = -y*j. Let i be 4/20 - c/(-20). What is the highest common factor of 15 and i?
3
Let p = 10 + -18. Let i be 270/24 - (-2)/p. Let f be i/(-22)*(-2 - 4). Calculate the greatest common factor of 21 and f.
3
Suppose g = 6*g + 15. Let t be (3 - (-18)/g)/(-1). Suppose -t = -y + 8. Calculate the greatest common divisor of 44 and y.
11
Suppose l + 40 = 3*l. Suppose 0 = 3*r - 1129 + 79. Let f be r/140 - 135/(-2). What is the greatest common divisor of l and f?
10
Let b = -4034 + 10336. What is the greatest common divisor of 230 and b?
46
Suppose 0 = 14433*l - 14437*l + 5640. What is the highest common divisor of 30 and l?
30
Let r = 40 - 43. Let x be -2 + 3 - -14*r/(-6). Suppose 4*f = x - 0. Calculate the highest common factor of f and 1.
1
Suppose 3*v - 24 = 3*w, -3*v - 5*w + 48 - 8 = 0. Suppose -26973 - 23777 = -203*a. What is the greatest common divisor of a and v?
10
Let d(g) = g**2 - 46*g + 281. Let x be d(7). What is the greatest common divisor of 106 and x?
2
Suppose 81 = -14*n + 291. Let x(r) = 8*r**2 - 3*r - 5. Let k be x(-4). Calculate the greatest common factor of k and n.
15
Let g = -212 - -208. Let b be (-50)/g*990/275. What is the greatest common divisor of b and 45?
45
Let l be (2 + 64/(-20))/(9/(-60)). Suppose -l*o + o = 287. Let z = o - -45. Calculate the highest common divisor of z and 6.
2
Let s(w) = -23*w**2 - 551*w + 35. Let n be s(-24). What is the greatest common factor of n and 4609?
11
Suppose -5*p = 3*b + 2, -b + 2*p + 10 = p. Let h = 59 + 5. Suppose 7*k + 22 = h. Calculate the greatest common divisor of k and b.
6
Suppose 154 = 2*g - 0*g. Let d(w) = -w**3 + 81*w**2 + 170*w - 321. Let x be d(83). Calculate the highest common factor of x and g.
11
Let i(r) = -6*r - 3. Let j be i(-6). Let q be -39 + 0/7 + 2. Let t = 48 + q. What is the greatest common divisor of j and t?
11
Suppose -4*d + 26877 = -9*g + 6*g, -9*g = -9. Calculate the greatest common divisor of 252 and d.
84
Let x = -21 - 408. Let a = x - -1013. What is the greatest common divisor of a and 8?
8
Suppose -r + 63 = -2*b, 3*r - b = -3*b + 189. Suppose r - 40 = u. Suppose -23 = -146*y + 145*y. What is the greatest common factor of u and y?
23
Suppose 0 = -2*r + l - 43, -5*r - 120 = -5*l - 0*l. Let m = 145 + r. Suppose -42 = -0*s - 3*s. Calculate the highest common divisor of s and m.
14
Suppose 0 = n + 3*k - 1736 - 387, 3*k = -5*n + 10579. Let b be n/21 - 1*2/3. Calculate the highest common divisor of b and 40.
20
Suppose 3*u = -y + 50, -y + u = 3*y - 135. Suppose 23*b + 178*b - 10305 = -486*b. Calculate the greatest common factor of b and y.
5
Suppose 3*z - 1677 = 1011. Suppose -6*r - 500 = -z. Calculate the greatest common factor of r and 429.
33
Let a be (10 + (-102)/12)*(-76)/(-3). Calculate the greatest common factor of a and 7372.
38
Suppose -2*j - 3*r + 600 = 0, j + 2*r = -0*r + 298. What is the highest common factor of j and 270?
18
Suppose 830 = -4*a + 14*a. Let d be ((-8)/4 - a) + 2/2. Let s be 2*-6*(d/(-9))/(-2). What is the highest common factor of s and 14?
14
Let c = 5043 - 3847. What is the highest common divisor of c and 92?
92
Suppose -26*t - 120 = -2*t. Let j(z) = -z**3 - 6*z**2 - 27*z - 8. Let f be j(t). Calculate the greatest common divisor of 30 and f.
6
Suppose n - 204 = -30*r + 29*r, 5*r = 3*n - 636. What is the highest common factor of n and 3657?
69
Let d(i) = -i**2 - 16*i - 5. Let k be d(-16). Let z = k - -30. Let u = z + -23. Calculate the highest common divisor of u and 3.
1
Suppose 124 = 9*v - 1028. Calculate the greatest common divisor of 832 and v.
64
Suppose 18*f - 5*r - 930 = 13*f, f - 150 = -5*r. Calculate the highest common divisor of f and 3270.
30
Suppose -3*t + 4218 = -0*s + 3*s, -6*s - 1441 = -t. What is the highest common factor of 51 and t?
17
Let f = 152 + -104. Let d(o) = -1386*o + 5624. Let b be d(4). What is the highest common factor of f and b?
16
Suppose -84 + 219 = 3*k. Calculate the highest common factor of k and 2034.
9
Let l(o) = 2*o + 16. Let d be (-6)/4*(0/1 + 2). Let n be (-3 + 3)*((-2)/d - 1). Let w be l(n). Calculate the highest common divisor of w and 24.
8
Suppose 451*z - 2315628 = 953870 + 1804252. What is the highest common factor of z and 675?
225
Let v = -183 - -213. Let j be 300/v*26/4. Let f(a) = -a + 39. Let t be f(0). Calculate the highest common factor of t and j.
13
Suppose i + 5*a = -i + 21, 2*a - 6 = 0. Suppose i*h = -h + 32. Let f = -21 + 53. What is the highest common divisor of h and f?
8
Suppose 0 = 2*m - 10, 5*x + 34*m - 32*m = 40555. Calculate the greatest common factor of x and 159.
159
Suppose -j + 6 + 8 = 0. Let w(t) = 17*t**2 + t. Suppose 14 = -2*i + 18. Let g be w(i). Calculate the highest common divisor of g and j.
14
Suppose -6*c - 496 = -8*c. Let g = -114 + c. Let k = g - 94. What is the greatest common divisor of k and 16?
8
Let c(q) = 10*q**2 - 2*q - 57. Let n be c(8). What is the highest common factor of n and 399?
21
Suppose 40*b - 458 + 138 = 0. Calculate the greatest common divisor of b and 58.
2
Let m(a) = 104*a**3 - 5*a**2 - 6*a - 8. Let y be m(-2). Let d = 953 + y. What is the highest common factor of d and 75?
15
Let g = -22 - -80. Let x = 101 - g. Let v = -31 + x. Calculate the highest common factor of v and 108.
12
Suppose 3 = 3*i, -36*p + 39*p - 5*i - 1867 = 0. Calculate the highest common factor of 15 and p.
3
Let s = 26057 + -8428. Calculate the greatest common divisor of 244 and s.
61
Let f = 8166 + -7167. Calculate the greatest common divisor of f and 555.
111
Let q be 1233/135 - (-2)/(-15). Let n be 54/((-8)/(-12)*3). What is the highest common divisor of n and q?
9
Let r = 383 + -381. Suppose 5*y + 4*z = 40, 5*y + r*z = 6*z + 80. What is the greatest common factor of 372 and y?
12
Let c = -35 - -32. Let n(r) = -229*r - 3. Let g be n(c). Let h = -476 + g. Calculate the greatest common factor of 13 and h.
13
Let c = 11487 + -9837. Calculate the highest common divisor of c and 770.
110
Let b(y) = 190*y**2 + 1127*y - 1126. Let a be b(1). What is the greatest common factor of 8977 and a?
191
Let h = 2878 + -2850. Calculate the highest common factor of 4 and h.
4
Suppose 8*c = 14*c - 402. What is the highest common divisor of c and 2?
1
Suppose 0 = -0*f - f. Suppose f*o - 4*o + n = -24, 5*o - 2*n = 33. Let u = 314 - 279. Calculate the highest common divisor of o and u.
5
Let z(b) = 548*b - 9568. Let c be z(18). What is the greatest common factor of c and 56?
8
Let o(f) = -365*f - 2018. Let r be o(-6). Calculate the greatest common divisor of 52 and r.
4
Let r(t) = -t. Let o be r(-4). Let w = 9 + -6. Suppose -k + o = 4*p, -4*p = -0*k + w*k - 4. What is the greatest common divisor of 11 and p?
1
Let w = 4168 + -2116. Let a = -333734 + 333810. What is the highest common divisor of a and w?
76
Let k be ((-123)/(-12))/((-12)/24)*(-11 - -9). Calculate the highest common factor of 24887 and k.
41
Suppose -43*d - 545 = -38*d. Let b be (-4)/(-10)*150/20 - d. Calculate the greatest common factor of 35 and b.
7
Let g be ((-485)/80*-12)/(6/(-160)*-2). What is the highest common divisor of g and 150?
10
Let a(z) = -6*z**2 - 28 + 4*z**2 - 10 + 13*z + 3*z**2. Let t be a(-19). Calculate the highest common divisor of t and 8.
4
Suppose -3*n - 30 = 4*x - 146, -5*x + 24 = n. Let y = 26 + -26. Suppose -f + 5*c + 21 = y, c = -2*f + 2*c + 24. What is the greatest common factor of f and n?
11
Let r = -55 - -113. Let n be 2/(-6)*(-92 - 19). Suppose 42*j = n*j + 290. What is the highest common divisor of r and j?
58
Suppose 388*m + 23482 = 401*m - 252352. What is the highest common factor of 206 and m?
206
Let r be